emainder when 618 is divided by 124.
122
Calculate the remainder when 483 is divided by 483.
0
What is the remainder when 1727 is divided by 859?
9
What is the remainder when 4553 is divided by 66?
65
Calculate the remainder when 229 is divided by 77.
75
Calculate the remainder when 86 is divided by 39.
8
Calculate the remainder when 4926 is divided by 31.
28
Calculate the remainder when 1926 is divided by 10.
6
Calculate the remainder when 457 is divided by 77.
72
What is the remainder when 95 is divided by 13?
4
What is the remainder when 629 is divided by 42?
41
What is the remainder when 678 is divided by 20?
18
Calculate the remainder when 250 is divided by 28.
26
What is the remainder when 3518 is divided by 88?
86
Calculate the remainder when 50 is divided by 11.
6
Calculate the remainder when 2964 is divided by 72.
12
Calculate the remainder when 634 is divided by 22.
18
What is the remainder when 55 is divided by 32?
23
Calculate the remainder when 78 is divided by 61.
17
What is the remainder when 358 is divided by 15?
13
What is the remainder when 142 is divided by 16?
14
What is the remainder when 383 is divided by 190?
3
Calculate the remainder when 196 is divided by 67.
62
What is the remainder when 3041 is divided by 117?
116
What is the remainder when 104 is divided by 35?
34
What is the remainder when 218 is divided by 47?
30
What is the remainder when 167 is divided by 35?
27
Calculate the remainder when 530 is divided by 508.
22
What is the remainder when 3746 is divided by 1242?
20
What is the remainder when 530 is divided by 239?
52
What is the remainder when 132 is divided by 43?
3
What is the remainder when 323 is divided by 94?
41
What is the remainder when 621 is divided by 88?
5
What is the remainder when 235 is divided by 14?
11
Calculate the remainder when 407 is divided by 15.
2
Calculate the remainder when 464 is divided by 12.
8
Calculate the remainder when 230 is divided by 78.
74
Calculate the remainder when 61 is divided by 57.
4
What is the remainder when 32553 is divided by 41?
40
Calculate the remainder when 957 is divided by 28.
5
What is the remainder when 18359 is divided by 36?
35
What is the remainder when 829 is divided by 96?
61
What is the remainder when 337 is divided by 43?
36
Calculate the remainder when 153 is divided by 86.
67
Calculate the remainder when 1130 is divided by 358.
56
Calculate the remainder when 114 is divided by 36.
6
Calculate the remainder when 81 is divided by 12.
9
What is the remainder when 719 is divided by 12?
11
What is the remainder when 282 is divided by 19?
16
Calculate the remainder when 5880 is divided by 173.
171
What is the remainder when 60 is divided by 22?
16
Calculate the remainder when 1081 is divided by 258.
49
What is the remainder when 2900 is divided by 65?
40
Calculate the remainder when 14579 is divided by 7.
5
What is the remainder when 52 is divided by 14?
10
What is the remainder when 1246 is divided by 52?
50
Calculate the remainder when 305 is divided by 91.
32
Calculate the remainder when 313 is divided by 45.
43
Calculate the remainder when 1480 is divided by 78.
76
What is the remainder when 2860 is divided by 191?
186
What is the remainder when 332 is divided by 48?
44
What is the remainder when 541 is divided by 14?
9
Calculate the remainder when 276 is divided by 45.
6
What is the remainder when 4631 is divided by 355?
16
What is the remainder when 23996 is divided by 22?
16
Calculate the remainder when 3781 is divided by 97.
95
What is the remainder when 1489 is divided by 71?
69
Calculate the remainder when 1039 is divided by 27.
13
Calculate the remainder when 2204 is divided by 274.
12
What is the remainder when 1491 is divided by 168?
147
What is the remainder when 81 is divided by 38?
5
What is the remainder when 568 is divided by 22?
18
What is the remainder when 76 is divided by 15?
1
Calculate the remainder when 192 is divided by 13.
10
What is the remainder when 417 is divided by 30?
27
Calculate the remainder when 60 is divided by 13.
8
What is the remainder when 284 is divided by 246?
38
Calculate the remainder when 1060 is divided by 378.
304
Calculate the remainder when 1420 is divided by 22.
12
What is the remainder when 511 is divided by 9?
7
What is the remainder when 375 is divided by 84?
39
What is the remainder when 88 is divided by 19?
12
Calculate the remainder when 294 is divided by 74.
72
Calculate the remainder when 292 is divided by 79.
55
Calculate the remainder when 511 is divided by 27.
25
Calculate the remainder when 39 is divided by 5.
4
What is the remainder when 627 is divided by 42?
39
Calculate the remainder when 364 is divided by 143.
78
Calculate the remainder when 1134 is divided by 42.
0
Calculate the remainder when 322 is divided by 180.
142
Calculate the remainder when 111 is divided by 60.
51
Calculate the remainder when 31624 is divided by 251.
249
Calculate the remainder when 605 is divided by 27.
11
What is the remainder when 19 is divided by 17?
2
Calculate the remainder when 48 is divided by 10.
8
What is the remainder when 1666 is divided by 54?
46
Calculate the remainder when 103 is divided by 56.
47
What is the remainder when 428 is divided by 9?
5
What is the remainder when 101 is divided by 19?
6
What is the remainder when 1453 is divided by 26?
23
Calculate the remainder when 440 is divided by 112.
104
What is the remainder when 220 is divided by 70?
10
Calculate the remainder when 4034 is divided by 11.
8
What is the remainder when 5 is divided by 5?
0
Calculate the remainder when 236 is divided by 94.
48
What is the remainder when 962 is divided by 244?
230
Calculate the remainder when 60 is divided by 21.
18
Calculate the remainder when 4185 is divided by 23.
22
Calculate the remainder when 8 is divided by 8.
0
Calculate the remainder when 1412 is divided by 288.
260
What is the remainder when 187 is divided by 21?
19
What is the remainder when 45 is divided by 15?
0
What is the remainder when 353 is divided by 25?
3
Calculate the remainder when 998 is divided by 40.
38
Calculate the remainder when 24102 is divided by 262.
260
What is the remainder when 1345 is divided by 444?
13
Calculate the remainder when 6774 is divided by 77.
75
Calculate the remainder when 1594 is divided by 118.
60
What is the remainder when 208 is divided by 32?
16
Calculate the remainder when 42 is divided by 30.
12
Calculate the remainder when 228 is divided by 10.
8
Calculate the remainder when 84 is divided by 4.
0
Calculate the remainder when 19661 is divided by 113.
112
Calculate the remainder when 2430 is divided by 2424.
6
Calculate the remainder when 598 is divided by 61.
49
Calculate the remainder when 201 is divided by 75.
51
What is the remainder when 378 is divided by 171?
36
Calculate the remainder when 307 is divided by 33.
10
What is the remainder when 203 is divided by 9?
5
Calculate the remainder when 95 is divided by 9.
5
What is the remainder when 634 is divided by 20?
14
What is the remainder when 1166 is divided by 18?
14
Calculate the remainder when 599 is divided by 26.
1
Calculate the remainder when 756 is divided by 20.
16
What is the remainder when 9839 is divided by 205?
204
Calculate the remainder when 769 is divided by 67.
32
What is the remainder when 453 is divided by 115?
108
What is the remainder when 197 is divided by 54?
35
What is the remainder when 7 is divided by 7?
0
What is the remainder when 10728 is divided by 147?
144
Calculate the remainder when 1091 is divided by 15.
11
What is the remainder when 170 is divided by 87?
83
What is the remainder when 802 is divided by 232?
106
What is the remainder when 11051 is divided by 79?
70
What is the remainder when 1002 is divided by 72?
66
What is the remainder when 484 is divided by 54?
52
What is the remainder when 1922 is divided by 22?
8
Calculate the remainder when 44 is divided by 13.
5
What is the remainder when 303 is divided by 44?
39
What is the remainder when 129 is divided by 48?
33
What is the remainder when 169 is divided by 25?
19
Calculate the remainder when 2629 is divided by 47.
44
Calculate the remainder when 306 is divided by 77.
75
Calculate the remainder when 162 is divided by 41.
39
What is the remain